). Calculate the greatest common divisor of t and 3.
3
Let i = 978 - 962. Let z be -1*(1 + -2)*8. What is the highest common divisor of i and z?
8
Let p(r) = 2*r**2 - 10*r + 2. Let q be p(7). Suppose 3*h - q = 186. Let g = -151 + 199. What is the highest common divisor of h and g?
24
Let p be 2 + (-52)/24 - 14692/(-24). Let k = 1226 + -605. Suppose 4*x + 0*x - k = b, 4*x = 4*b + p. Calculate the greatest common factor of x and 26.
26
Let v = -22 - -30. Suppose 0 = w + 18 - v. Let r be ((-168)/w)/((-4)/(-30)). What is the highest common divisor of r and 14?
14
Suppose 0 = 6*l - 10*l + 36. Let p be l/6*2*66. What is the greatest common factor of p and 22?
22
Suppose -90 = -5*y - 3*h, 2*y - h = 4*y - 36. Let j = y + -7. What is the greatest common factor of j and 99?
11
Suppose 0 = 2*d - 4*k + 82, -2*d = -3*k - 2*k + 84. Let x = -29 - d. Let f be 56/x*(-2)/(-2). What is the greatest common divisor of 1 and f?
1
Let s(t) = -t**3 - 20*t**2 - 28*t + 24. Let l be s(-19). Calculate the highest common divisor of l and 45.
15
Suppose -124*t = -91*t - 330. Suppose 3*h - 3*n - 114 = 0, 3*h + 40 = -3*n + 166. Calculate the greatest common factor of h and t.
10
Let h be 13/(-78) - 1083/(-18). What is the highest common divisor of h and 30?
30
Let y(b) = b - 4. Suppose 0 - 28 = -4*x. Let s be y(x). Suppose v = 2*z - 46, s*z + 29 = -v + 103. Calculate the greatest common factor of 24 and z.
24
Let u = 76 + -425. Let g = -181 - u. Suppose -2*s = 2*s - g. Calculate the greatest common divisor of 6 and s.
6
Suppose n = 2*d - 5, 4*d = n - d + 17. Suppose n*h + 5 = 20. What is the highest common factor of 10 and h?
5
Let n be 8/(-10)*25/(-10). Let m(f) = -f**2 + 5*f - 3. Let i be m(n). Let j be (0 + -4 + i)*-96. What is the highest common factor of j and 12?
12
Let p = 123 + 98. Calculate the highest common factor of 85 and p.
17
Suppose 0 = 8*b - 3*b - 480. Let p be 3/((2/(-16))/(-1)). What is the highest common factor of b and p?
24
Let z be ((-5)/3)/(2/(-6)). Suppose p = 3*r + 55, p - 64 = -3*r - 9. What is the greatest common divisor of z and p?
5
Suppose -4*v + 19 - 3 = 0. Suppose -1 = 3*u + 2*b - 15, 1 = b. Suppose c - 12 = 2*y, 5*y = 6 + u. What is the highest common divisor of c and v?
4
Suppose -2*w + 6*z - 11*z = -93, 4*w + 3*z - 207 = 0. Calculate the greatest common factor of w and 378.
54
Let q(z) = z**3 + 9*z**2 + 15*z + 12. Let p be q(-7). Suppose 4*n + p*a = 896, -104 = -2*n - 2*a + 344. Calculate the highest common divisor of 28 and n.
28
Let x(l) = l**3 + 7*l**2 + 3*l + 4. Let g be x(-6). Let d be -20*4*(2 + -3). Suppose 3*z = -d + 245. What is the greatest common divisor of g and z?
11
Let b = 113 - -15. What is the highest common divisor of 96 and b?
32
Let t(i) = 7*i - 9. Let y be t(6). Suppose -4*w + y = -23. Let m = 38 - 24. Calculate the highest common divisor of w and m.
14
Let k(c) = -c**2 - 10*c - 13. Let p be k(-8). Suppose 50*x + 222 = 87*x. What is the highest common divisor of p and x?
3
Suppose -3*r + 177 = 4*f, -5*r - 2*f + 0*f + 309 = 0. Calculate the greatest common factor of r and 35.
7
Let v be 40/((12/(-32))/(12/(-8))). Suppose v = 6*x - x. Calculate the greatest common factor of 128 and x.
32
Let n(j) = 4*j**2 + 5*j + 2. Let m be n(-3). Let r = -1 + 78. Suppose i = r + 176. What is the greatest common divisor of i and m?
23
Suppose -3*y + 9*y = 36. Suppose y*x + 6*x - 144 = 0. What is the greatest common divisor of x and 12?
12
Suppose -v + 2*v + 5*z = 185, 2*z = 2*v - 334. Calculate the highest common factor of v and 68.
34
Suppose -12 = -y + 13. Let j(z) = 12*z**3 + z**2 + 2*z. Let w be j(-1). Let h = w + y. Calculate the greatest common divisor of h and 3.
3
Suppose 0 = -6*a + 35 - 11. Suppose 2*z - 40 = a. Suppose z = -4*g + 66. Calculate the greatest common factor of g and 11.
11
Let l(q) = -q**2. Let u be l(0). Suppose u = 4*b + 66 - 206. Let p = -22 + 36. What is the greatest common factor of p and b?
7
Let n(d) = 8*d**2 + d + 2. Let s be n(3). Let l = -74 + s. What is the highest common divisor of 27 and l?
3
Let x be (-6)/(4 - (-1179)/(-288)). What is the highest common divisor of 352 and x?
32
Suppose -5*i - 40 = -i. Let q be (-64)/i*5/2. Suppose -3*s - q = -5*s. Calculate the greatest common factor of 8 and s.
8
Suppose -5*j + 6*j = 56. Let f = j + -35. What is the highest common factor of f and 231?
21
Suppose -3*o + 0*r + 2*r + 17 = 0, 0 = 4*o + 5*r - 15. Let m = 20 + -14. Suppose 0 = s - m*s + 200. Calculate the greatest common divisor of o and s.
5
Let h(p) = -4*p + 1. Let q(k) = -4*k**2. Let u be q(-1). Let w be h(u). Suppose -5*z + 25 + 230 = 0. What is the greatest common factor of z and w?
17
Let g(b) = 6*b**2 + 9*b + 14. Let w be g(-8). Suppose i - w = -i. Suppose 4*s + o + o - 218 = 0, -2*o = 3*s - i. What is the highest common divisor of s and 11?
11
Suppose 2*g - h + 3*h - 1600 = 0, 5*g + h - 4016 = 0. What is the greatest common divisor of 12 and g?
12
Suppose 22 = 4*q - 38. Let z(k) = -k - 4. Let u be z(-6). Suppose -3*y + 14 = u*c, c = -4*y - y. Calculate the highest common factor of q and c.
5
Let s(b) = -5*b - 13. Let i(n) = 4*n + 14. Let a(q) = 6*i(q) + 5*s(q). Let r be a(3). Let k = 6 + -2. What is the greatest common divisor of k and r?
4
Let z(l) = 11*l - 154. Let w be z(20). What is the highest common factor of 88 and w?
22
Suppose 4*v - 22 = -3*z, z + 3*v + 11 = -2*v. Calculate the highest common divisor of 175 and z.
7
Suppose 182 = 19*z - 17*z. Calculate the highest common factor of 7 and z.
7
Suppose -2 = 3*u - 38. Suppose -5*r - 32 = -122. Calculate the highest common factor of r and u.
6
Let w(f) = f + 12. Let v be w(10). Calculate the greatest common factor of 253 and v.
11
Let w be (0 + -41)/(-4 + 3). Let n = w + -29. Calculate the highest common factor of 3 and n.
3
Let z be (-373)/(-5) + -1 + 7/5. What is the greatest common factor of z and 100?
25
Let r = 698 - -177. What is the highest common divisor of 35 and r?
35
Let d be ((-22)/4)/(3/(-6)). Suppose -3*s = -88 - d. Let h = 6 - 3. What is the greatest common divisor of s and h?
3
Let l = -39 - -58. Suppose -2*b + 3*w + 922 = -w, 5*b = 4*w + 2317. Suppose 2*c - b = -47. What is the greatest common factor of l and c?
19
Let f(v) = -v**3 + 7*v**2 - 6*v + 3. Let x be f(6). Suppose x*h - 50 = -4*z, -z = h + 3*z - 30. What is the highest common factor of 110 and h?
10
Let a(m) = -28*m + 304. Let p be a(10). Let x be (5 - 2)/(-3) - -121. Calculate the highest common divisor of p and x.
24
Let d = 73 - 39. Suppose -6 = -5*i + d. Let b = 112 - 80. Calculate the highest common divisor of b and i.
8
Suppose -3249 = -2*w - 259. Calculate the greatest common divisor of 65 and w.
65
Let t = 287 + -257. Let v = 3 - 2. Let n be (-92)/(-6) - v/3. What is the highest common divisor of t and n?
15
Let q = 17 - 12. Suppose 8*o - 3*o = -3*n + 177, 2*o = -q*n + 67. Let t = 2650 - 2646. Calculate the highest common divisor of o and t.
4
Suppose 3*k - 4*v + 8 = -k, 0 = 5*k + 3*v + 10. Let m be -2*((-63)/6)/7. Let b be (k/(-8))/(m/228). What is the greatest common divisor of b and 114?
19
Let s be ((-14)/1)/(-10 + 19/2). Calculate the greatest common factor of s and 126.
14
Let n = 88 + -137. Let w = n - -69. Let y be ((-8)/(-6))/((-6)/(-45)). What is the highest common divisor of w and y?
10
Let p be (17/51)/(1/6). Let y(l) = -l + 2. Let o be y(1). What is the highest common divisor of p and o?
1
Let g(h) = -7*h + 74. Let t be g(7). Let j = -5 + 5. Suppose j = -7*m + 4*m + 30. What is the highest common divisor of m and t?
5
Suppose 0 = 4*y - 2*c - 430, 0 = 2*y + 2*c - 12 - 188. Let u(l) = 84*l + 21. Let h be u(0). What is the highest common divisor of h and y?
21
Let o = -46 + 73. Let z = o + -27. Suppose z = 7*s - 15 - 13. Calculate the highest common factor of 6 and s.
2
Let g be (-55)/(-9) - 1/81*9. What is the highest common factor of g and 3?
3
Suppose -t - 2*t - 12 = -3*w, 0 = -3*w + 5*t + 4. Suppose -7*p + 82 = 34*p. Calculate the greatest common factor of p and w.
2
Let g = 45 - 7. Calculate the highest common divisor of 114 and g.
38
Suppose -3*g - 1 + 13 = 0. Suppose 80 = g*c - 28. Calculate the highest common factor of 3 and c.
3
Let r be (198/(-4))/((-13)/(-1404)*-6). What is the highest common factor of r and 27?
27
Suppose -2*m = 2*x